{"version":"1.0","provider_name":"Fundaci\u00f3 CMJ God\u00f3","provider_url":"https:\/\/fundaciocmjgodo.cat\/es\/","title":"Renuncia de vocal del Patronato - Fundaci\u00f3 CMJ God\u00f3","type":"rich","width":600,"height":338,"html":"<blockquote class=\"wp-embedded-content\" data-secret=\"KdHzK5dqQP\"><a href=\"https:\/\/fundaciocmjgodo.cat\/es\/renuncia-de-vocal-del-patronato\/\">Renuncia de vocal del Patronato<\/a><\/blockquote><iframe sandbox=\"allow-scripts\" security=\"restricted\" src=\"https:\/\/fundaciocmjgodo.cat\/es\/renuncia-de-vocal-del-patronato\/embed\/#?secret=KdHzK5dqQP\" width=\"600\" height=\"338\" title=\"\u00abRenuncia de vocal del Patronato\u00bb \u2014 Fundaci\u00f3 CMJ God\u00f3\" data-secret=\"KdHzK5dqQP\" frameborder=\"0\" marginwidth=\"0\" marginheight=\"0\" scrolling=\"no\" class=\"wp-embedded-content\"><\/iframe><script type=\"text\/javascript\">\n\/* <![CDATA[ *\/\n\/*! This file is auto-generated *\/\n!function(d,l){\"use strict\";l.querySelector&&d.addEventListener&&\"undefined\"!=typeof URL&&(d.wp=d.wp||{},d.wp.receiveEmbedMessage||(d.wp.receiveEmbedMessage=function(e){var t=e.data;if((t||t.secret||t.message||t.value)&&!\/[^a-zA-Z0-9]\/.test(t.secret)){for(var s,r,n,a=l.querySelectorAll('iframe[data-secret=\"'+t.secret+'\"]'),o=l.querySelectorAll('blockquote[data-secret=\"'+t.secret+'\"]'),c=new RegExp(\"^https?:$\",\"i\"),i=0;i<o.length;i++)o[i].style.display=\"none\";for(i=0;i<a.length;i++)s=a[i],e.source===s.contentWindow&&(s.removeAttribute(\"style\"),\"height\"===t.message?(1e3<(r=parseInt(t.value,10))?r=1e3:~~r<200&&(r=200),s.height=r):\"link\"===t.message&&(r=new URL(s.getAttribute(\"src\")),n=new URL(t.value),c.test(n.protocol))&&n.host===r.host&&l.activeElement===s&&(d.top.location.href=t.value))}},d.addEventListener(\"message\",d.wp.receiveEmbedMessage,!1),l.addEventListener(\"DOMContentLoaded\",function(){for(var e,t,s=l.querySelectorAll(\"iframe.wp-embedded-content\"),r=0;r<s.length;r++)(t=(e=s[r]).getAttribute(\"data-secret\"))||(t=Math.random().toString(36).substring(2,12),e.src+=\"#?secret=\"+t,e.setAttribute(\"data-secret\",t)),e.contentWindow.postMessage({message:\"ready\",secret:t},\"*\")},!1)))}(window,document);\n\/\/# sourceURL=https:\/\/fundaciocmjgodo.cat\/wp-includes\/js\/wp-embed.min.js\n\/* ]]> *\/\n<\/script>\n","thumbnail_url":"https:\/\/fundaciocmjgodo.cat\/wp-content\/uploads\/muntaner-200-3.jpg","thumbnail_width":800,"thumbnail_height":534,"description":"El 22 de diciembre de 2025, el patronato de la Fundaci\u00f3n celebr\u00f3 reuni\u00f3n con la asistencia de todos sus miembros. El presidente inform\u00f3 de la renuncia de la Sra. Mar\u00eda Julia Prats Moreno al cargo de vocal. La decisi\u00f3n responde a motivos estrictamente profesionales que implican su traslado de residencia al extranjero. Esta circunstancia le [&hellip;]"}

Fundació CMJ Godó

Renuncia de vocal del Patronato - Fundació CMJ Godó

<blockquote class="wp-embedded-content" data-secret="KdHzK5dqQP"><a href="https://fundaciocmjgodo.cat/es/renuncia-de-vocal-del-patronato/">Renuncia de vocal del Patronato</a></blockquote><iframe sandbox="allow-scripts" security="restricted" src="https://fundaciocmjgodo.cat/es/renuncia-de-vocal-del-patronato/embed/#?secret=KdHzK5dqQP" width="600" height="338" title="«Renuncia de vocal del Patronato» — Fundació CMJ Godó" data-secret="KdHzK5dqQP" frameborder="0" marginwidth="0" marginheight="0" scrolling="no" class="wp-embedded-content"></iframe><script type="text/javascript">
/* <![CDATA[ */
/*! This file is auto-generated */
!function(d,l){"use strict";l.querySelector&&d.addEventListener&&"undefined"!=typeof URL&&(d.wp=d.wp||{},d.wp.receiveEmbedMessage||(d.wp.receiveEmbedMessage=function(e){var t=e.data;if((t||t.secret||t.message||t.value)&&!/[^a-zA-Z0-9]/.test(t.secret)){for(var s,r,n,a=l.querySelectorAll('iframe[data-secret="'+t.secret+'"]'),o=l.querySelectorAll('blockquote[data-secret="'+t.secret+'"]'),c=new RegExp("^https?:$","i"),i=0;i<o.length;i++)o[i].style.display="none";for(i=0;i<a.length;i++)s=a[i],e.source===s.contentWindow&&(s.removeAttribute("style"),"height"===t.message?(1e3<(r=parseInt(t.value,10))?r=1e3:~~r<200&&(r=200),s.height=r):"link"===t.message&&(r=new URL(s.getAttribute("src")),n=new URL(t.value),c.test(n.protocol))&&n.host===r.host&&l.activeElement===s&&(d.top.location.href=t.value))}},d.addEventListener("message",d.wp.receiveEmbedMessage,!1),l.addEventListener("DOMContentLoaded",function(){for(var e,t,s=l.querySelectorAll("iframe.wp-embedded-content"),r=0;r<s.length;r++)(t=(e=s[r]).getAttribute("data-secret"))||(t=Math.random().toString(36).substring(2,12),e.src+="#?secret="+t,e.setAttribute("data-secret",t)),e.contentWindow.postMessage({message:"ready",secret:t},"*")},!1)))}(window,document);
//# sourceURL=https://fundaciocmjgodo.cat/wp-includes/js/wp-embed.min.js
/* ]]> */
</script>

El 22 de diciembre de 2025, el patronato de la Fundación celebró reunión con la asistencia de todos sus miembros. El presidente informó de la renuncia de la Sra. María Julia Prats Moreno al cargo de vocal. La decisión responde a motivos estrictamente profesionales que implican su traslado de residencia al extranjero. Esta circunstancia le [&hellip;]
